{"id":110,"date":"2024-01-16T16:50:34","date_gmt":"2024-01-16T16:50:34","guid":{"rendered":"https:\/\/fmsyssolucoes.com.br\/sbfis2024\/?page_id=110"},"modified":"2024-05-16T19:45:23","modified_gmt":"2024-05-16T22:45:23","slug":"curiosidades","status":"publish","type":"page","link":"https:\/\/fmsyssolucoes.com.br\/sbfis2024\/curiosidades\/","title":{"rendered":"Curiosidades"},"content":{"rendered":"\t\t<div data-elementor-type=\"wp-page\" data-elementor-id=\"110\" class=\"elementor elementor-110\">\n\t\t\t\t\t\t\t<div class=\"elementor-element elementor-element-b0f5513 e-flex e-con-boxed e-con e-parent\" data-id=\"b0f5513\" data-element_type=\"container\" data-settings=\"{&quot;content_width&quot;:&quot;boxed&quot;}\" data-core-v316-plus=\"true\">\n\t\t\t\t\t<div class=\"e-con-inner\">\n\t\t\t\t<div class=\"elementor-element elementor-element-59e8651 elementor-widget-divider--view-line elementor-widget elementor-widget-divider\" data-id=\"59e8651\" data-element_type=\"widget\" id=\"porque\" data-widget_type=\"divider.default\">\n\t\t\t\t<div class=\"elementor-widget-container\">\n\t\t\t<style>\/*! elementor - v3.18.0 - 20-12-2023 *\/\n.elementor-widget-divider{--divider-border-style:none;--divider-border-width:1px;--divider-color:#0c0d0e;--divider-icon-size:20px;--divider-element-spacing:10px;--divider-pattern-height:24px;--divider-pattern-size:20px;--divider-pattern-url:none;--divider-pattern-repeat:repeat-x}.elementor-widget-divider .elementor-divider{display:flex}.elementor-widget-divider .elementor-divider__text{font-size:15px;line-height:1;max-width:95%}.elementor-widget-divider .elementor-divider__element{margin:0 var(--divider-element-spacing);flex-shrink:0}.elementor-widget-divider .elementor-icon{font-size:var(--divider-icon-size)}.elementor-widget-divider .elementor-divider-separator{display:flex;margin:0;direction:ltr}.elementor-widget-divider--view-line_icon .elementor-divider-separator,.elementor-widget-divider--view-line_text .elementor-divider-separator{align-items:center}.elementor-widget-divider--view-line_icon .elementor-divider-separator:after,.elementor-widget-divider--view-line_icon .elementor-divider-separator:before,.elementor-widget-divider--view-line_text .elementor-divider-separator:after,.elementor-widget-divider--view-line_text .elementor-divider-separator:before{display:block;content:\"\";border-bottom:0;flex-grow:1;border-top:var(--divider-border-width) var(--divider-border-style) var(--divider-color)}.elementor-widget-divider--element-align-left .elementor-divider .elementor-divider-separator>.elementor-divider__svg:first-of-type{flex-grow:0;flex-shrink:100}.elementor-widget-divider--element-align-left .elementor-divider-separator:before{content:none}.elementor-widget-divider--element-align-left .elementor-divider__element{margin-left:0}.elementor-widget-divider--element-align-right .elementor-divider .elementor-divider-separator>.elementor-divider__svg:last-of-type{flex-grow:0;flex-shrink:100}.elementor-widget-divider--element-align-right .elementor-divider-separator:after{content:none}.elementor-widget-divider--element-align-right .elementor-divider__element{margin-right:0}.elementor-widget-divider:not(.elementor-widget-divider--view-line_text):not(.elementor-widget-divider--view-line_icon) .elementor-divider-separator{border-top:var(--divider-border-width) var(--divider-border-style) var(--divider-color)}.elementor-widget-divider--separator-type-pattern{--divider-border-style:none}.elementor-widget-divider--separator-type-pattern.elementor-widget-divider--view-line .elementor-divider-separator,.elementor-widget-divider--separator-type-pattern:not(.elementor-widget-divider--view-line) .elementor-divider-separator:after,.elementor-widget-divider--separator-type-pattern:not(.elementor-widget-divider--view-line) .elementor-divider-separator:before,.elementor-widget-divider--separator-type-pattern:not([class*=elementor-widget-divider--view]) .elementor-divider-separator{width:100%;min-height:var(--divider-pattern-height);-webkit-mask-size:var(--divider-pattern-size) 100%;mask-size:var(--divider-pattern-size) 100%;-webkit-mask-repeat:var(--divider-pattern-repeat);mask-repeat:var(--divider-pattern-repeat);background-color:var(--divider-color);-webkit-mask-image:var(--divider-pattern-url);mask-image:var(--divider-pattern-url)}.elementor-widget-divider--no-spacing{--divider-pattern-size:auto}.elementor-widget-divider--bg-round{--divider-pattern-repeat:round}.rtl .elementor-widget-divider .elementor-divider__text{direction:rtl}.e-con-inner>.elementor-widget-divider,.e-con>.elementor-widget-divider{width:var(--container-widget-width,100%);--flex-grow:var(--container-widget-flex-grow)}<\/style>\t\t<div class=\"elementor-divider\">\n\t\t\t<span class=\"elementor-divider-separator\">\n\t\t\t\t\t\t<\/span>\n\t\t<\/div>\n\t\t\t\t<\/div>\n\t\t\t\t<\/div>\n\t\t\t\t<div class=\"elementor-element elementor-element-32abf1d elementor-widget elementor-widget-heading\" data-id=\"32abf1d\" data-element_type=\"widget\" data-widget_type=\"heading.default\">\n\t\t\t\t<div class=\"elementor-widget-container\">\n\t\t\t<style>\/*! elementor - v3.18.0 - 20-12-2023 *\/\n.elementor-heading-title{padding:0;margin:0;line-height:1}.elementor-widget-heading .elementor-heading-title[class*=elementor-size-]>a{color:inherit;font-size:inherit;line-height:inherit}.elementor-widget-heading .elementor-heading-title.elementor-size-small{font-size:15px}.elementor-widget-heading .elementor-heading-title.elementor-size-medium{font-size:19px}.elementor-widget-heading .elementor-heading-title.elementor-size-large{font-size:29px}.elementor-widget-heading .elementor-heading-title.elementor-size-xl{font-size:39px}.elementor-widget-heading .elementor-heading-title.elementor-size-xxl{font-size:59px}<\/style><h3 class=\"elementor-heading-title elementor-size-xl\">O PORQU\u00ca DOS EVENTOS CIENT\u00cdFICOS<\/h3>\t\t<\/div>\n\t\t\t\t<\/div>\n\t\t\t\t<div class=\"elementor-element elementor-element-3251791 elementor-widget elementor-widget-text-editor\" data-id=\"3251791\" data-element_type=\"widget\" data-widget_type=\"text-editor.default\">\n\t\t\t\t<div class=\"elementor-widget-container\">\n\t\t\t<style>\/*! elementor - v3.18.0 - 20-12-2023 *\/\n.elementor-widget-text-editor.elementor-drop-cap-view-stacked .elementor-drop-cap{background-color:#69727d;color:#fff}.elementor-widget-text-editor.elementor-drop-cap-view-framed .elementor-drop-cap{color:#69727d;border:3px solid;background-color:transparent}.elementor-widget-text-editor:not(.elementor-drop-cap-view-default) .elementor-drop-cap{margin-top:8px}.elementor-widget-text-editor:not(.elementor-drop-cap-view-default) .elementor-drop-cap-letter{width:1em;height:1em}.elementor-widget-text-editor .elementor-drop-cap{float:left;text-align:center;line-height:1;font-size:50px}.elementor-widget-text-editor .elementor-drop-cap-letter{display:inline-block}<\/style>\t\t\t\t<p>Sendo muito sucinto, os eventos cient\u00edficos s\u00e3o formid\u00e1veis para interagir com colegas de todos os lugares e dividir um caleidosc\u00f3pio de ideias. Um encontro para conhecer novas pessoas, debater, apresentar e submeter nosso trabalho \u00e0s cr\u00edticas e sugest\u00f5es dos colegas, aprender com o trabalho de outros, al\u00e9m de oferecer, tamb\u00e9m, nossos coment\u00e1rios construtivos. Eu sempre retorno de eventos deste tipo com novas ideias, motiva\u00e7\u00e3o renovada e uma pilha de anota\u00e7\u00f5es &#8211; algumas bem confusas e carecendo de polimento, mas que sempre me enriquecem a mente.<\/p>\n<p>Todos n\u00f3s temos MESTRES que servem de refer\u00eancia para guiar nossos passos e nossas carreiras, nos ajudando a escolher caminhos a perseguir e desafios a vencer. Na reflex\u00e3o de escrever este texto, percebi que os eventos cient\u00edficos dos quais participei foram important\u00edssimos para me aproximar destes Mestres e, ao mesmo tempo, conhecer novos exemplos de coragem, honestidade intelectual e brilhantismo que usei e uso at\u00e9 hoje como modelos.<\/p>\n<p>Para cientistas j\u00e1 estabelecidos, o evento \u00e9 uma oportunidade de apresentar seus trabalhos e formar novas colabora\u00e7\u00f5es; um ambiente prop\u00edcio para compartilhar resultados, avan\u00e7os e se fazer conhecer entre seus pares &#8211; o impacto que esta &#8220;rede de contatos&#8221; tem na progress\u00e3o da carreira de um pesquisador n\u00e3o deve ser menosprezado.<\/p>\n<p>J\u00e1 para estudantes de gradua\u00e7\u00e3o e p\u00f3s-gradua\u00e7\u00e3o, \u00e9 uma chance de se aventurarem fora de suas institui\u00e7\u00f5es de origem, aprender como fazer um &#8220;pitch&#8221; dos pontos relevantes do seu trabalho (i.e. aprendem o equivalente cient\u00edfico de &#8220;vender bem seu peixe&#8221;), conhecer os MESTRES, desmistificar a figura inalcan\u00e7\u00e1vel de alguns not\u00f3rios em ci\u00eancia, comunicar em diferentes &#8220;l\u00ednguas&#8221; e diferentes &#8220;disciplinas&#8221;.<\/p>\n<p>Enfim, o evento cient\u00edfico \u00e9 um ambiente prop\u00edcio para o crescimento intelectual principalmente para aqueles que prezam o livre pensamento, a forma cuidadosa &#8211; sistem\u00e1tica &#8211; e integralizada de observar a natureza usando de l\u00f3gica consistente para avaliar os resultados.<\/p>\n<p>Acho que pessoas de fora do meio acad\u00eamico olham para eventos cient\u00edficos como uma oportunidade de viajar e conhecer lugares diferentes, um turismo patrocinado pelo &#8220;empregador&#8221;. Muitos deles se assustam quando explico como pagamos por isto tudo, com grande parte dos recursos saindo dos nossos pr\u00f3prios bolsos; uma rea\u00e7\u00e3o comum \u00e9: ent\u00e3o por que n\u00e3o simplesmente viajou para Boston sem precisar ir no evento? De fato, algumas vezes temos bolsas e ajuda financeira de entidades financiadoras que ajudam a arcar com parte das despesas, al\u00e9m de ofertas de descontos dos organizadores em hot\u00e9is, passagens a\u00e9reas, transporte e outros gastos no qual o n\u00famero de inscritos possa ser usado como moeda nas negocia\u00e7\u00f5es. Contudo, quase que, invariavelmente, sempre pesa no bolso! Acho que respostas honestas para os leigos seriam: a) n\u00e3o posso perder a chance de encontrar Fulano, conversar com Sicrano ou perguntar a Beltrano o que pensa dos meus resultados; b) quero ver o que est\u00e1 na &#8220;moda&#8221; no mundo da ci\u00eancia; c) preciso de alimento para o c\u00e9rebro e tem pouco restaurante deste tipo aberto por a\u00ed!; d) uma barganha por uma oportunidade t\u00e3o rara, pelo menos para mim; e) eu invisto nas coisas que eu valorizo e gosto \u2026 simples assim.<\/p>\n<p>Nosso ENCONTRO EM CAXAMB\u00da, afinal, \u00e9 uma volta a estes pensamentos originais, um <em><strong>renascimento<\/strong><\/em> de conceitos que se perderam no produtivismo cient\u00edfico, um <em><strong>iluminar<\/strong><\/em> da raz\u00e3o em prol da autoridade, uma converg\u00eancia ao colaborativo com um maior abrandamento do individualismo. Tanta coisa para mudar, tanta coisa para manter, tantas outras para ressuscitar e uma infinidade de outras para criar!!!!<\/p>\n<h3 style=\"text-align: center;\"><span style=\"color: #008000;\"><strong>NOS AJUDE A PENSAR NO FUTURO DAS CI\u00caNCIAS FISIOL\u00d3GICAS DO BRASIL &#8211; PARTICIPE DA ORGANIZA\u00c7\u00c3O DO NOSSO EVENTO!<\/strong><\/span><\/h3><div><span style=\"color: #008000;\"><strong><br><\/strong><\/span><\/div>\t\t\t\t\t\t<\/div>\n\t\t\t\t<\/div>\n\t\t\t\t\t<\/div>\n\t\t\t\t<\/div>\n\t\t<div class=\"elementor-element elementor-element-96f2f2d e-flex e-con-boxed e-con e-parent\" data-id=\"96f2f2d\" data-element_type=\"container\" data-settings=\"{&quot;content_width&quot;:&quot;boxed&quot;}\" data-core-v316-plus=\"true\">\n\t\t\t\t\t<div class=\"e-con-inner\">\n\t\t\t\t<div class=\"elementor-element elementor-element-d56ed86 elementor-widget elementor-widget-video\" data-id=\"d56ed86\" data-element_type=\"widget\" data-settings=\"{&quot;video_type&quot;:&quot;hosted&quot;,&quot;autoplay&quot;:&quot;yes&quot;,&quot;play_on_mobile&quot;:&quot;yes&quot;,&quot;mute&quot;:&quot;yes&quot;,&quot;loop&quot;:&quot;yes&quot;,&quot;controls&quot;:&quot;yes&quot;}\" data-widget_type=\"video.default\">\n\t\t\t\t<div class=\"elementor-widget-container\">\n\t\t\t<style>\/*! elementor - v3.18.0 - 20-12-2023 *\/\n.elementor-widget-video .elementor-widget-container{overflow:hidden;transform:translateZ(0)}.elementor-widget-video .elementor-wrapper{aspect-ratio:var(--video-aspect-ratio)}.elementor-widget-video .elementor-wrapper iframe,.elementor-widget-video .elementor-wrapper video{height:100%;width:100%;display:flex;border:none;background-color:#000}@supports not (aspect-ratio:1\/1){.elementor-widget-video .elementor-wrapper{position:relative;overflow:hidden;height:0;padding-bottom:calc(100% \/ var(--video-aspect-ratio))}.elementor-widget-video .elementor-wrapper iframe,.elementor-widget-video .elementor-wrapper video{position:absolute;top:0;right:0;bottom:0;left:0}}.elementor-widget-video .elementor-open-inline .elementor-custom-embed-image-overlay{position:absolute;top:0;right:0;bottom:0;left:0;background-size:cover;background-position:50%}.elementor-widget-video .elementor-custom-embed-image-overlay{cursor:pointer;text-align:center}.elementor-widget-video .elementor-custom-embed-image-overlay:hover .elementor-custom-embed-play i{opacity:1}.elementor-widget-video .elementor-custom-embed-image-overlay img{display:block;width:100%;aspect-ratio:var(--video-aspect-ratio);-o-object-fit:cover;object-fit:cover;-o-object-position:center center;object-position:center center}@supports not (aspect-ratio:1\/1){.elementor-widget-video .elementor-custom-embed-image-overlay{position:relative;overflow:hidden;height:0;padding-bottom:calc(100% \/ var(--video-aspect-ratio))}.elementor-widget-video .elementor-custom-embed-image-overlay img{position:absolute;top:0;right:0;bottom:0;left:0}}.elementor-widget-video .e-hosted-video .elementor-video{-o-object-fit:cover;object-fit:cover}.e-con-inner>.elementor-widget-video,.e-con>.elementor-widget-video{width:var(--container-widget-width);--flex-grow:var(--container-widget-flex-grow)}<\/style>\t\t<div class=\"e-hosted-video elementor-wrapper elementor-open-inline\">\n\t\t\t\t\t<video class=\"elementor-video\" src=\"http:\/\/fmsyssolucoes.com.br\/sbfis2024\/wp-content\/uploads\/2024\/01\/Video-SBFis-Caxambu.mp4\" autoplay=\"\" loop=\"\" controls=\"\" muted=\"muted\" playsinline=\"\" controlsList=\"nodownload\"><\/video>\n\t\t\t\t<\/div>\n\t\t\t\t<\/div>\n\t\t\t\t<\/div>\n\t\t\t\t\t<\/div>\n\t\t\t\t<\/div>\n\t\t\t\t\t\t\t<\/div>\n\t\t","protected":false},"excerpt":{"rendered":"<p>O PORQU\u00ca DOS EVENTOS CIENT\u00cdFICOS Sendo muito sucinto, os eventos cient\u00edficos s\u00e3o formid\u00e1veis para interagir com colegas de todos os lugares e dividir um caleidosc\u00f3pio de ideias. Um encontro para conhecer novas pessoas, debater, apresentar e submeter nosso trabalho \u00e0s cr\u00edticas e sugest\u00f5es dos colegas, aprender com o trabalho de outros, al\u00e9m de oferecer, tamb\u00e9m, [&hellip;]<\/p>\n","protected":false},"author":1,"featured_media":0,"parent":0,"menu_order":0,"comment_status":"closed","ping_status":"closed","template":"","meta":{"_eb_attr":"","footnotes":""},"class_list":["post-110","page","type-page","status-publish","hentry"],"jetpack_sharing_enabled":true,"_links":{"self":[{"href":"https:\/\/fmsyssolucoes.com.br\/sbfis2024\/wp-json\/wp\/v2\/pages\/110","targetHints":{"allow":["GET"]}}],"collection":[{"href":"https:\/\/fmsyssolucoes.com.br\/sbfis2024\/wp-json\/wp\/v2\/pages"}],"about":[{"href":"https:\/\/fmsyssolucoes.com.br\/sbfis2024\/wp-json\/wp\/v2\/types\/page"}],"author":[{"embeddable":true,"href":"https:\/\/fmsyssolucoes.com.br\/sbfis2024\/wp-json\/wp\/v2\/users\/1"}],"replies":[{"embeddable":true,"href":"https:\/\/fmsyssolucoes.com.br\/sbfis2024\/wp-json\/wp\/v2\/comments?post=110"}],"version-history":[{"count":34,"href":"https:\/\/fmsyssolucoes.com.br\/sbfis2024\/wp-json\/wp\/v2\/pages\/110\/revisions"}],"predecessor-version":[{"id":681,"href":"https:\/\/fmsyssolucoes.com.br\/sbfis2024\/wp-json\/wp\/v2\/pages\/110\/revisions\/681"}],"wp:attachment":[{"href":"https:\/\/fmsyssolucoes.com.br\/sbfis2024\/wp-json\/wp\/v2\/media?parent=110"}],"curies":[{"name":"wp","href":"https:\/\/api.w.org\/{rel}","templated":true}]}}